d thousands digit of 3618020065?
0
What is the thousands digit of 1345771866?
1
What is the millions digit of 190947070?
0
What is the millions digit of 630935201?
0
What is the hundreds digit of 3476942295?
2
What is the hundred millions digit of 453213200?
4
What is the hundred thousands digit of 10875554?
8
What is the ten millions digit of 30015281?
3
What is the hundreds digit of 77428094?
0
What is the tens digit of 325240764?
6
What is the hundreds digit of 223785293?
2
What is the thousands digit of 80021171?
1
What is the hundreds digit of 8916351?
3
What is the ten millions digit of 45894402?
4
What is the billions digit of 1692399277?
1
What is the tens digit of 624201329?
2
What is the units digit of 72546794?
4
What is the thousands digit of 11405675?
5
What is the hundreds digit of 37784536?
5
What is the tens digit of 37606036?
3
What is the hundred thousands digit of 83243894?
2
What is the hundred millions digit of 518645476?
5
What is the tens digit of 3446636?
3
What is the hundred thousands digit of 21694218?
6
What is the ten millions digit of 1277070372?
7
What is the hundreds digit of 121271751?
7
What is the ten thousands digit of 619924535?
2
What is the ten thousands digit of 26580306?
8
What is the millions digit of 345645926?
5
What is the hundreds digit of 1731745871?
8
What is the millions digit of 487263857?
7
What is the hundred millions digit of 1408342024?
4
What is the units digit of 148499858?
8
What is the ten thousands digit of 1118867583?
6
What is the thousands digit of 476750358?
0
What is the ten thousands digit of 92534771?
3
What is the ten millions digit of 36734480?
3
What is the units digit of 112408555?
5
What is the hundred thousands digit of 232136982?
1
What is the hundred thousands digit of 241680306?
6
What is the hundred thousands digit of 29940619?
9
What is the units digit of 48412621?
1
What is the millions digit of 36590158?
6
What is the hundreds digit of 1707871506?
5
What is the units digit of 776148381?
1
What is the thousands digit of 147249439?
9
What is the billions digit of 1739799083?
1
What is the units digit of 152967332?
2
What is the hundreds digit of 455128587?
5
What is the hundred thousands digit of 5240962?
2
What is the units digit of 29898300?
0
What is the thousands digit of 1767733229?
3
What is the units digit of 948488548?
8
What is the units digit of 2312205748?
8
What is the ten thousands digit of 583736653?
3
What is the hundred thousands digit of 282871895?
8
What is the ten millions digit of 36855739?
3
What is the tens digit of 246442790?
9
What is the units digit of 53942676?
6
What is the thousands digit of 18021546?
1
What is the billions digit of 1125928839?
1
What is the millions digit of 507785888?
7
What is the thousands digit of 1094474203?
4
What is the millions digit of 233188158?
3
What is the tens digit of 863389964?
6
What is the hundred millions digit of 1682345866?
6
What is the millions digit of 8179152167?
9
What is the millions digit of 46583915?
6
What is the millions digit of 308956723?
8
What is the hundred millions digit of 317501396?
3
What is the hundred thousands digit of 66441303?
4
What is the ten millions digit of 12451702?
1
What is the thousands digit of 372622023?
2
What is the ten millions digit of 1434945767?
3
What is the units digit of 1029764035?
5
What is the tens digit of 139290907?
0
What is the thousands digit of 74472969?
2
What is the millions digit of 50180756?
0
What is the billions digit of 2134755419?
2
What is the millions digit of 2361531072?
1
What is the ten thousands digit of 896465864?
6
What is the ten thousands digit of 2760717522?
1
What is the hundred thousands digit of 677226726?
2
What is the thousands digit of 511083813?
3
What is the hundred millions digit of 254843861?
2
What is the ten millions digit of 21416277?
2
What is the units digit of 79379515?
5
What is the millions digit of 20582788?
0
What is the hundred thousands digit of 6589520?
5
What is the ten millions digit of 608411518?
0
What is the hundred thousands digit of 4785307917?
3
What is the hundred millions digit of 198602591?
1
What is the ten thousands digit of 599824270?
2
What is the hundreds digit of 4147949159?
1
What is the hundreds digit of 1548913481?
4
What is the ten millions digit of 447480064?
4
What is the ten thousands digit of 2156549910?
4
What is the hundred thousands digit of 35465776?
4
What is the tens digit of 27381325?
2
What is the ten millions digit of 84742123?
8
What is the thousands digit of 32070098?
0
What is the tens digit of 63684700?
0
What is the units digit of 851122668?
8
What is the tens digit of 621829920?
2
What is the thousands digit of 394141694?
1
What is the hundred thousands digit of 105230086?
2
What is the thousands digit of 29729599?
9
What is the thousands digit of 221898338?
8
What is the ten millions digit of 40364804?
4
What is the thousands digit of 2507512382?
2
What is the millions digit of 1100598097?
0
What is the hundred millions digit of 156563483?
1
What is the millions digit of 60931627?
0
What is the units digit of 4159563161?
1
What is the thousands digit of 3258793806?
3
What is the billions digit of 1089258426?
1
What is the hundred thousands digit of 87239635?
2
What is the hundred thousands digit of 1482000140?
0
What is the thousands digit of 16223368?
3
What is the hundred thousands digit of 27136312?
1
What is the millions digit of 1685517472?
5
What is the hundred thousands digit of 53081876?
0
What is the ten thousands digit of 33556305?
5
What is the tens digit of 461235377?
7
What is the ten millions digit of 686126052?
8
What is the units digit of 241587896?
6
What is the thousands digit of 81268796?
8
What is the units digit of 70660339?
9
What is the ten thousands digit of 7770480?
7
What is the ten millions digit of 107492941?
0
What is the hundreds digit of 748862?
8
What is the units digit of 1097986696?
6
What is the ten thousands digit of 1161931104?
3
What is the hundreds digit of 60415888?
8
What is the millions digit of 3970927262?
0
What is the ten thousands digit of 425113130?
1
What is the thousands digit of 1390835581?
5
What is the hundreds digit of 90711260?
2
What is the hundreds digit of 103741686?
6
What is the ten millions digit of 207397239?
0
What is the units digit of 47815223?
3
What is the hundred thousands digit of 156225359?
2
What is the hundreds digit of 181923417?
4
What is the hundreds digit of 51733020?
0
What is the ten millions digit of 61471386?
6
What is the thousands digit of 60039347?
9
What is the hundred thousands digit of 956506632?
5
What is the millions digit of 199305710?
9
What is the units digit of 15279906?
6
What is the hundred thousands digit of 80828843?
8
What is the units digit of 6718876972?
2
What is the hundred millions digit of 6205722838?
2
What is the thousands digit of 402788866?
8
What is the hundred thousands digit of 67304411?
3
What is the millions digit of 93966896?
3
What is the thousands digit of 30907486?
7
What is the millions digit of 66298463?
6
What is the thousands digit of 96254379?
4
What is the hundred millions digit of 4965176762?
9
What is the units digit of 1787755478?
8
What is the hundreds digit of 82031911?
9
What is the hundred thousands digit of 5911103541?
1
What is the millions digit of 62887986?
2
What is the hundreds digit of 25132180?
1
What is the hundreds digit of 442852280?
2
What is the millions digit of 225034336?
5
What is the thousands digit of 305371575?
1
What is the tens digit of 318328207?
0
What is the ten millions digit of 3660909311?
6
What is the millions digit of 2314187551?
4
What is the units digit of 27194737?
7
What is the hundred millions digit of 231044239?
2
What is the hundreds digit of 298445752?
7
What is the ten thousands digit of 3210408393?
0
What is the hundred thousands digit of 19284596?
2
What is the ten thousands digit of 385676848?
7
What is the hundred thousands digit of 42757949?
7
What is the thousands digit of 47089860?
9
What is the ten millions digit of 27620525?
2
What is the hundred thousands digit of 397884063?
8
What is the millions digit of 28064996?
8
What is the thousands digit of 5461923?
1
What is the thousands digit of 1